. What is the units digit of w?
1
Let p(r) = 198*r + 543. What is the units digit of p(12)?
9
Let i be (-10)/6 + 2 - 112/(-42). Suppose 0 = -5*y + 20, 0*y = -2*r - y + 44. Suppose x = -i*x + r. What is the units digit of x?
5
Suppose -4 = -b + 4. Let k be (12 - b) + -1 + 215. Suppose 5*o + 48 - k = 0. What is the tens digit of o?
3
Suppose 0 = -2*m + m + 166. What is the hundreds digit of m?
1
Let l = 6 + -7. Let q be l/2 + (-68)/8. Let u(k) = -k**3 - 10*k**2 - 12*k - 1. What is the tens digit of u(q)?
2
Let p = -449 - -3121. What is the units digit of p?
2
Suppose -8*y = -32081 + 7881. What is the tens digit of y?
2
What is the units digit of (126364/(-7))/(-4) - 12?
1
Suppose 0*v = 4*v + 4*h + 4, -1 = 3*v + h. Let b be 38 + -14 + v + 3. What is the units digit of (b/(-15))/((-1)/5)?
9
Suppose -s - 1216 = -3*s + 2*f, 0 = -2*s - 5*f + 1244. What is the tens digit of s?
1
Suppose u - 136 = -3*u. Let i = -22 + u. What is the tens digit of i?
1
Let y(q) be the third derivative of -q**5/60 + q**4/6 - q**3/6 + 7*q**2. Let i(l) be the first derivative of y(l). What is the tens digit of i(-4)?
1
Suppose -p = p - 8. Suppose -2*y - m + 43 = -2*m, 72 = 3*y - p*m. Suppose -l + y = -4. What is the tens digit of l?
2
Let n(r) = 1. Let a(t) = 55*t + 5. Let u(q) = -a(q) + 4*n(q). What is the tens digit of u(-4)?
1
Let o be (-21)/(-14)*20/3. Let s be (-15)/o*2/(-1). What is the units digit of (198/(-12))/(s/(-4))?
2
Let p(r) = -r**3 + 10*r**2 + r - 1. Let k(n) = 9*n**2 + n + 0*n - n**3 + n - n. Let a(s) = 3*k(s) - 2*p(s). What is the units digit of a(7)?
9
Let r = 139 - -248. What is the units digit of r?
7
Let d be (-5540)/(-80) + 2/(-8). What is the tens digit of 3*d/9 - 3?
2
Let b(a) = -2*a - 2*a**3 - 13*a**2 + 5*a**3 - 2*a**3 + 9*a**2 - 5. What is the hundreds digit of b(8)?
2
Let g(o) = -o**3 + 10*o**2 - 17*o + 11. Let d be g(8). Suppose -8*s = -d*s - 240. What is the units digit of s?
8
Suppose -5*u = -0*u - 770. Suppose -315 = -5*s - 5*d, -2*s + u = -0*s - 5*d. What is the tens digit of s?
6
Suppose 14*x - 2086 = 7*x. What is the tens digit of x?
9
Suppose -5*q = 5, -5019 = 3*s - 5*q - 16931. What is the thousands digit of s?
3
Let y(w) = -2*w**3 + 2*w**2 - 2*w - 1. Let n be y(3). Let c = 94 + n. Suppose 5*k - 2*k = c. What is the units digit of k?
7
What is the units digit of 4/(-6)*(6 - 9) + 834?
6
Let b(s) = s**2 + 2*s - 22. Let w be b(-6). Suppose w*y - 428 = -2*y. What is the units digit of y?
7
Suppose 2*f - 2384 = -2*f - 4*a, -4*a = -2*f + 1198. What is the hundreds digit of f?
5
Suppose 0 = -15*z + 1137 + 1128. What is the units digit of z?
1
Let k = 1221 + 1636. What is the thousands digit of k?
2
Suppose -6*l = -5*l. Let p = l - -20. What is the units digit of p?
0
Let h(m) = -142*m - 5. What is the thousands digit of h(-8)?
1
Suppose 103 = 3*c - 152. Let o = 141 - c. Suppose -b - o = -3*k, -4*k - 2*b - 3 = -71. What is the tens digit of k?
1
What is the thousands digit of (-2)/((-7538)/(-1508) - 5)?
1
Suppose 10 = -2*l + 30. Let y = 15 - l. What is the units digit of -6*y/(-3)*2?
0
Let l(p) = -12*p**3 - 3*p**2. Let o be l(-2). Let x(f) = -f**2 + 8*f + 16. Let b be x(9). Suppose -j - o = -b*j. What is the units digit of j?
4
Let j(q) = q**3 - 2*q**2 - 7*q + 18. Let k be j(3). Let x be -1 - -2 - (-10 - -1). Let b = x + k. What is the tens digit of b?
1
Let u = 3 + -5. Let g(r) = 3*r**2 + r - 2. Let z be g(u). Suppose -3*f - 120 = -z*f. What is the units digit of f?
4
Let f = -620 - -868. Suppose f = -0*k + k - 2*i, -5*k + 1300 = 2*i. What is the units digit of k?
8
Suppose -u = -0 + 1. Let v be (u - -1)*(-2)/(-6). Let b = 6 - v. What is the units digit of b?
6
What is the tens digit of (-12)/(-3)*29/2?
5
Let j = -171 + 795. What is the hundreds digit of j?
6
Let q = -3261 - -4835. What is the units digit of q?
4
Let d be 2*(-1)/2*-2. Let f be -2*d/4 + -6. Let r(n) = -n**3 - 6*n**2 + 4*n. What is the tens digit of r(f)?
2
Let p be -9*1*(-2 + 1). Let o(l) = 4*l**2 - 37*l + 19. Let m(n) = n**2 - 9*n + 5. Let b(k) = 9*m(k) - 2*o(k). What is the units digit of b(p)?
5
Let l(h) = -h**2 + 2*h + 24. Let v be l(6). Suppose v = -2*t - 4*r + 2 + 192, t = r + 94. What is the units digit of t?
5
Let f be (-51)/(-6) - (-3)/(-2). Suppose 8*j - f*j - 106 = 0. What is the units digit of j?
6
Let a = 20 + -17. Suppose -4*m = 5*j - 219, a*j + 5*m - 134 = -0*m. What is the tens digit of j?
4
Let q = -1510 - -3260. What is the tens digit of q?
5
Let w = 9 + -48. Let u = w - -26. Let q(f) = -3*f - 9. What is the units digit of q(u)?
0
Let x(a) = a**2 - 6*a - 5. Let t be x(7). Let k be t/(1 - 3) + 1. Suppose 6*u - 340 + 100 = k. What is the tens digit of u?
4
Let q be 219/3 - (1 - -3). Let z = 4 + q. What is the units digit of z?
3
Let h be (-1)/3 + (-177)/9. Let a be 18/15*h/(-6). Let n = 11 - a. What is the units digit of n?
7
What is the thousands digit of (-132)/(-88)*(3 + 1623)?
2
Let u = 200 + -127. Suppose 5*y - u - 138 = -3*x, 4*x = 5*y + 258. What is the tens digit of x?
6
Let m be 5/10*38/(-1). Let q = 26 + m. Let a(l) = l**3 - 6*l**2 - 7. What is the units digit of a(q)?
2
Suppose 2*z + 35 - 3 = 0. Let r be z/(-6)*(-36)/(-24). Let t(d) = -d**3 + 4*d**2 + 4*d - 10. What is the units digit of t(r)?
6
Let t be 27/12 - 12/(-16). Let b(z) = 5*z - 4*z + z**2 - 1 + 2 - 8*z**t. What is the units digit of b(-1)?
9
Let d(m) = 2*m**2 + 759. What is the units digit of d(0)?
9
Let w = 544 + 568. What is the thousands digit of w?
1
Let o(r) = -r**2 + 4*r. Let v(m) = m - 2. Let w be v(5). Let y be o(w). Suppose -y*k + 2*k = -4. What is the units digit of k?
4
Suppose -55 = 5*y - 30. Let u(v) be the first derivative of -v**3/3 - 4*v**2 - 6*v - 3. What is the units digit of u(y)?
9
Let z(r) = -6*r. Let p(h) = -10*h + 2. Let f be p(-1). Let u be 3*(8/(-2))/f. What is the units digit of z(u)?
6
Let a(y) = 3*y**2 - 6*y - 5. What is the units digit of a(13)?
4
Let j(n) = 10*n**3 + 3*n**2 + n - 3. Let c be 12/7 + 6*2/42. What is the units digit of j(c)?
1
Suppose 8*x - 3*x + 4*m + 24 = 0, 0 = 3*m - 12. Let h be (6/(-3) - -1)*x. What is the units digit of (-2)/8 + 74/h?
9
Let c = 0 - -3. Suppose -3*p = 2*p - 15, 4*k = c*p + 175. What is the units digit of ((-8)/2 - -2) + k?
4
Let d be 0*(-2)/(0 + -2). Let o = d + -2. What is the units digit of -4 + 3 + o/(-1)?
1
Let j(x) be the third derivative of x**6/120 + x**5/5 + 17*x**4/24 + 7*x**3/3 - 11*x**2. What is the units digit of j(-10)?
4
Suppose -24*l + 42393 = 15*l. What is the hundreds digit of l?
0
Let y(b) = 6*b - 15. Let l = 19 + -17. Let j be 3*(l - -1) + -3. What is the tens digit of y(j)?
2
Suppose -5*g + 6*w - 8*w + 5352 = 0, 4*g + 4*w - 4272 = 0. What is the hundreds digit of g?
0
Let o = -11 + 0. Let f(l) = -l**3 - 11*l**2 - 7*l - 11. What is the tens digit of f(o)?
6
Suppose 3*d - z - 71 = 370, -2*d - 2*z + 302 = 0. Suppose -434 = -6*g + d. What is the units digit of g?
7
Let c = -13 + 16. Suppose -3*y + 23 = 2*b + 6, 7 = 4*b - c*y. Suppose w = b*d + 54, 5*w - 216 = -2*d + 4*d. What is the units digit of w?
2
Let g = -23 + 25. Suppose -40 = -g*t - 2*v, 5*t - 4*v - 80 = 47. Suppose -5*d + 72 = -t. What is the units digit of d?
9
Let h be 2*((-17)/(-14) - 14/(-49)). Suppose -170 = -8*y + h*y. What is the units digit of y?
4
Suppose 0 = -z - 0*z - 38. Let m = 143 + z. What is the hundreds digit of m?
1
Suppose 5*w + 135 = 5*z, -5*w + 3*z = -10*w - 175. Let i = -191 - -135. Let p = w - i. What is the units digit of p?
4
Let j(q) = q**3 - 4*q**2 - 3*q + 3. Let d be j(4). Let o = d + 13. Suppose 0 = -o*y + 3*y + 29. What is the tens digit of y?
2
Let i be ((-3)/5)/(-1) + 66/15. Suppose i*r - 701 = -3*t - 0*r, -2*t + 2*r = -478. What is the units digit of t?
7
What is the hundreds digit of (-2)/((-7)/2380*2)?
3
Suppose -871 = -5*q - 4*u + 1159, 0 = -4*q - u + 1613. Let i = -137 + q. What is the tens digit of i?
6
Let a = 5041 - 925. What is the units digit of a?
6
Suppose -303 = -2*d - 2*d + 5*w, 4*d - 3*w - 305 = 0. What is the tens digit of d?
7
Let i = 252 - 144. Let n = -72 + i. What is the units digit of n?
6
What is the units digit of 68*-8*(-1 - 1)?
8
Suppose 0 = 4*f + z + z - 954, 5*f + 2*z - 1195 = 0. What is the hundreds digit of f?
2
Let h = 3 + 5. Suppose 3*b + 2 = -c, 0*b + 4*c = 3*b - h. Suppose b - 10 = -